{"id":3159,"date":"2017-09-05T14:37:04","date_gmt":"2017-09-05T12:37:04","guid":{"rendered":"https:\/\/www.humantrip.fr\/?post_type=temoignage&#038;p=3159"},"modified":"2020-09-01T17:07:54","modified_gmt":"2020-09-01T15:07:54","slug":"testimonio-de-m-filaire-ramos-el-05-09-2017-en-los-acores","status":"publish","type":"temoignage","link":"https:\/\/www.humantrip.fr\/es\/testimonio\/testimonio-de-m-filaire-ramos-el-05-09-2017-en-los-acores\/","title":{"rendered":"Testimonio del Sr. Filaire-Ramos el 05\/09\/2017 en las Azores"},"content":{"rendered":"<div class=\"views-field views-field-field-texte-du-temoignage\">\n<div class=\"field-content\">\n<p class=\"rtejustify\">Nuestro viaje a las Azores nos brind\u00f3 la oportunidad de descubrir las islas de Fayal y Pico, con paisajes magn\u00edficos y muy diferentes, pero sobre todo una poblaci\u00f3n portuguesa amable y acogedora, cuya calma cotidiana fue una grata fuente de descanso. El alojamiento (bed and breakfast y casa tradicional) fue muy agradable y los intermediarios locales estuvieron siempre disponibles y sonrientes: en cada ocasi\u00f3n, alguien se tom\u00f3 la molestia de darnos informaci\u00f3n clara sobre los lugares, las actividades y los tr\u00e1mites. Asimismo, el equipo de CW Azores, responsable de las salidas mar\u00edtimas (buceo con delfines, observaci\u00f3n de cet\u00e1ceos), est\u00e1 formado exclusivamente por especialistas, todos motivados por la pasi\u00f3n por la fauna marina que les encanta compartir con nosotros, y atentos tanto al bienestar de cada uno como a las preguntas de todos: cada excursi\u00f3n fue un verdadero momento de descubrimiento y comprensi\u00f3n del mundo marino (varios delfines, cachalotes saltando, peces voladores fren\u00e9ticos, cagarros planeando, tiburones en tr\u00e1nsito). Estamos completamente satisfechos y las Azores ser\u00e1n sin duda un lugar al que volveremos muy pronto para disfrutar de la serenidad de las islas.<\/p>\n<p class=\"rtejustify\">***<\/p>\n<p class=\"rtejustify\">Si tuviera que matizar este elogio, que no deja de ser sincero, dir\u00eda que el punto que hay que revisar es el ruido en el alojamiento:<br \/>\n- en Horta, la habitaci\u00f3n de invitados ten\u00eda todas las cualidades que esper\u00e1bamos, pero la ventana que daba a la calle principal y el ruido de los coches sobre el empedrado nos hicieron madrugar mucho (de verdad);<br \/>\n- en Pico, el alquiler era absolutamente maravilloso pero los ladridos agudos casi constantes (d\u00eda y noche) de los perros del vecino eran una verdadera molestia. Mientras agradec\u00edamos a nuestro encantador anfitri\u00f3n con un mensaje que dejamos en la casa, le informamos de este inconveniente.<br \/>\nA pesar de ello, disfrutamos mucho de la mayor parte del viaje y estamos encantados con nuestra experiencia en Azore. Gracias por vuestra disponibilidad y organizaci\u00f3n.<\/p>\n<\/div>\n<\/div>","protected":false},"template":"","class_list":["post-3159","temoignage","type-temoignage","status-publish","hentry"],"acf":[],"_links":{"self":[{"href":"https:\/\/www.humantrip.fr\/es\/wp-json\/wp\/v2\/temoignage\/3159","targetHints":{"allow":["GET"]}}],"collection":[{"href":"https:\/\/www.humantrip.fr\/es\/wp-json\/wp\/v2\/temoignage"}],"about":[{"href":"https:\/\/www.humantrip.fr\/es\/wp-json\/wp\/v2\/types\/temoignage"}],"wp:attachment":[{"href":"https:\/\/www.humantrip.fr\/es\/wp-json\/wp\/v2\/media?parent=3159"}],"curies":[{"name":"wp","href":"https:\/\/api.w.org\/{rel}","templated":true}]}}

<div class="views-field views-field-field-texte-du-temoignage">
<div class="field-content">
<p class="rtejustify">Nuestro viaje a las Azores nos brindó la oportunidad de descubrir las islas de Fayal y Pico, con paisajes magníficos y muy diferentes, pero sobre todo una población portuguesa amable y acogedora, cuya calma cotidiana fue una grata fuente de descanso. El alojamiento (bed and breakfast y casa tradicional) fue muy agradable y los intermediarios locales estuvieron siempre disponibles y sonrientes: en cada ocasión, alguien se tomó la molestia de darnos información clara sobre los lugares, las actividades y los trámites. Asimismo, el equipo de CW Azores, responsable de las salidas marítimas (buceo con delfines, observación de cetáceos), está formado exclusivamente por especialistas, todos motivados por la pasión por la fauna marina que les encanta compartir con nosotros, y atentos tanto al bienestar de cada uno como a las preguntas de todos: cada excursión fue un verdadero momento de descubrimiento y comprensión del mundo marino (varios delfines, cachalotes saltando, peces voladores frenéticos, cagarros planeando, tiburones en tránsito). Estamos completamente satisfechos y las Azores serán sin duda un lugar al que volveremos muy pronto para disfrutar de la serenidad de las islas.</p>
<p class="rtejustify">***</p>
<p class="rtejustify">Si tuviera que matizar este elogio, que no deja de ser sincero, diría que el punto que hay que revisar es el ruido en el alojamiento:<br />
- en Horta, la habitación de invitados tenía todas las cualidades que esperábamos, pero la ventana que daba a la calle principal y el ruido de los coches sobre el empedrado nos hicieron madrugar mucho (de verdad);<br />
- en Pico, el alquiler era absolutamente maravilloso pero los ladridos agudos casi constantes (día y noche) de los perros del vecino eran una verdadera molestia. Mientras agradecíamos a nuestro encantador anfitrión con un mensaje que dejamos en la casa, le informamos de este inconveniente.<br />
A pesar de ello, disfrutamos mucho de la mayor parte del viaje y estamos encantados con nuestra experiencia en Azore. Gracias por vuestra disponibilidad y organización.</p>
</div>
</div>
